40. What is the units digit of u?
8
Let h = -146 + 25. Let j be (-266)/11 - 22/h. Let m = 54 - j. What is the tens digit of m?
7
Suppose 0 = -2*p + 3*n + 536, -4*n = -3*n - 4. Suppose -6*o + p = -4*o. Let l = o + -64. What is the units digit of l?
3
Suppose 328*q - 325*q = -5*l + 248598, 4*l - 198846 = 3*q. What is the ten thousands digit of l?
4
Suppose 16*f - 639 = 385. Let u = 389 - f. What is the hundreds digit of u?
3
Suppose -v + x = -9246, -3*x + 2968 = v - 6274. What is the units digit of v?
5
Suppose -80*s = 87*s - 211*s + 583616. What is the thousands digit of s?
3
Suppose -b + 105 = 4*t, -b - 58 - 37 = -4*t. Let u = t + -20. Suppose 3*y + 4*f = 242, u*y - 376 + 26 = 4*f. What is the units digit of y?
4
Let z(l) = -11*l + 7920. Let v be z(0). Suppose -v = -8*y + 2*y. Suppose -11*j + 770 = -y. What is the tens digit of j?
9
Let y = -91 - -89. Let r be (77/14)/11 + 29/y. What is the hundreds digit of (-2278)/r - 1/((-28)/8)?
1
Let i = 5050 - 2954. Suppose 8*d = i + 3328. What is the units digit of d?
8
Suppose 316*z - 236557 = 5276063. What is the thousands digit of z?
7
Let t = -55 - -54. Let h be t*2*3*6/(-3). What is the units digit of (8/h)/(2/216)?
2
Suppose 0 = 2*z - 4*o - 1072, 5*z - 2672 = 11*o - 9*o. Suppose -10*v - z = -12*v. What is the units digit of v?
7
Let j(i) = 9*i**3 - i - 2. Let n be j(-2). Suppose 1768 = 13*f - 195. Let l = f + n. What is the units digit of l?
9
Suppose 2*n = 4*k - 9834, 4*n - 26 = -k + 2446. What is the tens digit of k?
6
Let m(o) = 3*o**3 + o**2 - 2. Let l(g) = -g**3 + 4*g**2 - g - 3. Let h be l(3). Suppose 0*a - h*a + 6 = 2*v, -v - 8 = -4*a. What is the units digit of m(a)?
6
Suppose -5*q - 167 + 39 = -2*j, -88 = -2*j - 5*q. Suppose -57*n = -j*n - 672. What is the units digit of n?
4
Let n(h) = 25*h**3 + 12*h**2 - 38*h - 3. What is the thousands digit of n(7)?
8
Suppose 0 = -16*n + 11*n + 15*n - 57460. What is the thousands digit of n?
5
Suppose 17*m - 1752 = 5*m. Suppose 0 = -4*r - 3*g + 508 + m, -4*r + 642 = -3*g. What is the hundreds digit of r?
1
Let a be (-1)/(-4) - 5/(180/14013). What is the tens digit of a*((-35)/(-5) + -8)?
8
Let l = 230250 - 154015. What is the units digit of l?
5
Let j(r) = 3*r**2 - 8*r - 1. Let g be j(3). Suppose 20 = f + 4*f. Suppose 0*k + 42 = 3*k - g*x, f*k - 56 = -4*x. What is the units digit of k?
4
What is the ten thousands digit of (-57)/152 + 10/(-24)*8439210/(-100)?
3
Let h = 881 - -81. Suppose -22*o + h + 6958 = 0. What is the hundreds digit of o?
3
What is the hundreds digit of 155032/36 + (82/18 - (-5 + 10))?
3
Suppose 6*t = -x + 7*t + 50798, 2*x + t = 101596. What is the units digit of x?
8
Let j be (88/33)/(2/(-54)). Let u(n) = n + 37. Let h be u(-29). What is the tens digit of (-3 - -2)*h/4 - j?
7
Let b be (-32)/240 + 4903/(-15). What is the tens digit of (3 - b) + 42/7?
3
Let i(x) = -2*x - 8. Let k be i(-11). Suppose a + 2*b = 3*a - k, -7 = -a - 4*b. Suppose -37 + a = -3*z. What is the units digit of z?
0
Let y = -145 + 89. Let j = -36 - y. What is the tens digit of 2*138/j + (-1)/(-5)?
1
What is the hundreds digit of 4 + (13 - -8)/(-7) + 1592?
5
Let a = 11514 - 10215. What is the thousands digit of a?
1
Let b = 18742 - 10097. What is the tens digit of b?
4
Let p = 57504 - 39985. What is the ten thousands digit of p?
1
Let o = -10775 + 27432. What is the ten thousands digit of o?
1
Let t(i) = -3*i - 42. Let g be t(-15). Let h(o) = 65*o**3 + 13*o**2 - 26*o - 8. What is the tens digit of h(g)?
8
Let i be -2 - -1 - (4 - 78). Let n = -66 - -17. Let m = i + n. What is the tens digit of m?
2
Let w(y) = -2*y**3 - 48*y**2 + 306*y - 126. What is the ten thousands digit of w(-36)?
1
Let q(l) = -44*l - 69. Let x be q(-2). Let o = 2 - -2. Suppose 2*u - 2*r - 9 = x, 0 = -u - o*r + 34. What is the units digit of u?
8
Suppose -z + 18255 = 3*k, 4*k - 59192 = -4*z + 13844. What is the thousands digit of z?
8
Let y(t) = 68*t**2 + 3*t - 2. Let n be y(1). Suppose n*i + 612 = 78*i. What is the units digit of i?
8
Let g(z) = z**3 + 7*z**2 - 11*z - 28. Let a be g(-8). What is the units digit of (-1526)/a + (10/(-4) - -1)?
0
Suppose 2*a - 7871 = -3*z, -5*a = -10*a + 3*z + 19667. What is the units digit of a?
4
Let t(o) = -2*o**2 - o - 1. Let f be t(-1). Let n = 29 + f. Suppose 0 = u - n - 15. What is the tens digit of u?
4
Suppose 6*o - 4*o = 4*q - 236, -5*o + 5*q = 600. Let s = -237 - -165. Let c = s - o. What is the tens digit of c?
5
Let g(x) = 2*x**3 + 3*x**2 + 5*x - 8. Let f be g(8). Suppose -47*b + 34*b + f = 0. What is the tens digit of b?
9
Let m(k) be the third derivative of 12*k**2 - 1/6*k**4 - 13/2*k**3 + 0*k + 0. What is the tens digit of m(-14)?
1
Let y = 2946 + -508. Suppose -3*q + 4890 = q + 3*u, -2*q + 2*u = -y. What is the units digit of q?
1
Suppose 2*u = 6*u - 8. Suppose 3*l - 2*b = 5*l, -u*b + 1 = l. What is the tens digit of (-4 + -130)*l/2?
6
Let d(n) = -n**3 - 10*n**2 + 21*n - 17. Let j be d(-12). Let v be 3/(-1)*(j + -62). Suppose -v = -31*r + 30*r. What is the tens digit of r?
2
Let w(y) = 714*y - 4463. What is the tens digit of w(47)?
9
Suppose 54888 = 21*s + 4*s - 370337. What is the thousands digit of s?
7
Let h = -1414 - -63565. What is the hundreds digit of h?
1
Suppose -19*k + 399 + 456 = 0. What is the units digit of k?
5
What is the ten thousands digit of ((-567)/(-5))/(8 + (-74103)/9265)?
6
Let s = 40 + -37. Suppose l - 73 = -0*m - m, -219 = -s*l - 4*m. What is the tens digit of l?
7
Suppose -3692 = -5*x - 4*o, -5*x + 3*o = 5*o - 3696. Suppose w + 11*s - x = 10*s, 0 = 2*w - 3*s - 1500. What is the units digit of w?
4
Suppose -5*m + 12179 + 4887 = a, 13649 = 4*m - 3*a. What is the hundreds digit of m?
4
Suppose -2*q + 3*i + 5256 = 5*i, -3*q + 5*i = -7852. What is the hundreds digit of q?
6
Let o(a) = -653*a + 943. What is the thousands digit of o(-13)?
9
Suppose 237 + 526 = -s. Let i = s - -1142. What is the tens digit of i?
7
Suppose -3*b + 109 = -0*b + t, -5*b + 5*t + 155 = 0. Let s = 326 - b. What is the units digit of s?
1
Let u = 95 - 91. Suppose 0 = 6*w - 4*w - g - 239, 0 = -4*w + u*g + 472. What is the tens digit of w?
2
Let s = -409 + 414. Let d = s - -106. What is the tens digit of d?
1
Let w be (-6)/(-30) - (-62)/(-10) - 0. What is the hundreds digit of ((-1593)/w)/(13/26)?
5
Let c be (-1 - -2)/((-5)/(-35)). Let j(n) be the second derivative of 7*n**3/3 + 7*n**2 - 39*n. What is the tens digit of j(c)?
1
Suppose -z + f = 0, 0 = 5*z - 2*z - 2*f - 4. Suppose -z*x + 343 + 501 = 0. What is the units digit of x?
1
Let v(u) = 5*u - 11. Let q be v(2). Let p(j) = -271*j + 23. What is the tens digit of p(q)?
9
Let f(r) = 15*r**2 - 2596*r - 494. What is the tens digit of f(188)?
1
Let x = -24545 - -36791. What is the thousands digit of x?
2
What is the units digit of 29/58*(3278 - (1 + -1)) - 5?
4
Let m(j) = -2225*j - 1967. What is the hundreds digit of m(-4)?
9
Let m(v) = v**3 + 39*v**2 + 10*v + 8. What is the thousands digit of m(-11)?
3
Suppose 7*n - 30*n + 40572 + 3726 = 0. What is the units digit of n?
6
Let m = 108 - 755. Let i = m - -1095. What is the tens digit of i?
4
Let n(y) = 16*y + 10. Suppose -4*s + 7 = h - 12, 0 = h + s - 7. Suppose -3*d = -h - 3. What is the tens digit of n(d)?
4
Suppose 0 = -5*p + 2*n + 35757, -5*p + n + 50201 - 14445 = 0. What is the units digit of p?
1
Suppose 4*a = -2*d + 8*a - 394, 0 = 5*d + a + 996. Let f = 3849 - 3927. Let n = f - d. What is the tens digit of n?
2
Let y(r) = -143*r - 65. Let b be y(-16). Suppose 11*k + 8*k - b = 0. What is the units digit of k?
7
Let s(h) = -45*h + 2. Let j(n) = 91*n - 4. Let o(z) = -2*j(z) - 5*s(z). Let a be o(6). Suppose a = 2*c - 106. What is the hundreds digit of c?
1
Let m(v) = -4*v**3 - 20*v**2 - 8*v - 9. Let o(r) = -6*r**2 + 3*r + 3. Let j be o(-1). What is the units digit of m(j)?
3
Let n be 24/(-9)*(-27)/(-6). Let v = n - -67. Let b = v - 28. What is the tens digit of b?
2
Let g = 6417 - -5265. What is the units digit of g?
2
What is the hundreds digit of (43 - 40 - (-65)/(-21)) + 1323821/21?
0
Let k = 60 - 42. Suppose -k = -2*z - 0. Suppose z*b - 44 = 5*b. What is the units digit of b?
1
Suppose -14*n + 12*n + 5*w + 11144 = 0, 0 = n - 2*w - 5571. What is the units digit of 2/(-7) + (n/7 - 10)?
5
Let v = 7722 + -2589. Suppose 12*d + 17*d = v. What is the hund